
58
Calculate the greatest common factor of 228 and 3040.
76
What is the greatest common divisor of 308 and 140?
28
What is the highest common divisor of 882 and 6300?
126
Calculate the highest common factor of 25 and 11525.
25
Calculate the highest common divisor of 950 and 3610.
190
What is the highest common divisor of 84 and 348?
12
Calculate the highest common factor of 6231 and 186.
93
Calculate the highest common factor of 90 and 54.
18
What is the highest common factor of 2919 and 84?
21
What is the highest common factor of 5 and 125?
5
Calculate the greatest common divisor of 70 and 329.
7
What is the highest common divisor of 9 and 369?
9
Calculate the greatest common divisor of 119 and 952.
119
What is the highest common divisor of 620 and 60?
20
What is the highest common factor of 168 and 760?
8
Calculate the highest common divisor of 14 and 602.
14
What is the greatest common divisor of 38 and 178?
2
Calculate the greatest common factor of 112 and 4144.
112
What is the greatest common factor of 315 and 5103?
63
Calculate the greatest common factor of 6177 and 174.
87
What is the highest common factor of 6 and 23?
1
What is the highest common factor of 13 and 65?
13
What is the highest common divisor of 644 and 112?
28
Calculate the highest common divisor of 111 and 185.
37
Calculate the highest common divisor of 1677 and 208.
13
What is the highest common divisor of 216 and 16?
8
Calculate the highest common divisor of 234 and 858.
78
What is the greatest common divisor of 420 and 140?
140
Calculate the greatest common factor of 91 and 91.
91
What is the greatest common factor of 30 and 1215?
15
Calculate the highest common factor of 84 and 1050.
42
Calculate the highest common factor of 4982 and 188.
94
Calculate the highest common divisor of 15 and 10.
5
What is the highest common factor of 597 and 3383?
199
Calculate the greatest common factor of 92 and 69.
23
Calculate the highest common factor of 11920 and 120.
40
What is the highest common divisor of 7 and 763?
7
Calculate the highest common factor of 6380 and 440.
220
Calculate the greatest common factor of 2460 and 120.
60
What is the greatest common divisor of 55 and 4455?
55
Calculate the greatest common factor of 4200 and 30.
30
What is the greatest common factor of 69 and 39?
3
Calculate the highest common divisor of 3435 and 75.
15
Calculate the highest common divisor of 2 and 38.
2
What is the greatest common divisor of 39 and 1053?
39
What is the highest common factor of 184 and 8?
8
Calculate the highest common divisor of 7 and 5159.
7
What is the highest common factor of 265 and 106?
53
Calculate the highest common factor of 295 and 40.
5
What is the highest common divisor of 8985 and 30?
15
Calculate the greatest common divisor of 748 and 176.
44
Calculate the greatest common factor of 44 and 228.
4
Calculate the greatest common factor of 158 and 395.
79
What is the greatest common divisor of 5 and 280?
5
What is the highest common factor of 85 and 135?
5
What is the greatest common divisor of 3220 and 630?
70
What is the highest common divisor of 58 and 1450?
58
What is the highest common factor of 32 and 608?
32
Calculate the highest common divisor of 40 and 190.
10
What is the highest common factor of 403 and 13?
13
What is the highest common divisor of 6 and 237?
3
Calculate the greatest common factor of 62 and 310.
62
Calculate the highest common factor of 1136 and 176.
16
What is the highest common factor of 1544 and 8?
8
Calculate the highest common divisor of 172 and 602.
86
What is the greatest common factor of 36 and 1746?
18
What is the greatest common divisor of 16830 and 459?
153
What is the greatest common divisor of 15 and 25?
5
Calculate the greatest common divisor of 6 and 39822.
6
Calculate the greatest common divisor of 13044 and 3.
3
What is the greatest common factor of 1309 and 2057?
187
Calculate the highest common divisor of 217 and 155.
31
Calculate the highest common divisor of 36 and 2124.
36
What is the highest common divisor of 22 and 286?
22
What is the greatest common factor of 858 and 22?
22
Calculate the highest common divisor of 125 and 580.
5
Calculate the highest common factor of 58 and 928.
58
What is the highest common factor of 20 and 1250?
10
What is the highest common divisor of 832 and 39?
13
What is the greatest common factor of 79 and 1?
1
Calculate the highest common factor of 56 and 70.
14
Calculate the highest common factor of 32 and 27952.
16
Calculate the highest common factor of 12 and 996.
12
What is the highest common factor of 510 and 300?
30
What is the greatest common divisor of 36 and 4?
4
What is the greatest common divisor of 117 and 13?
13
Calculate the greatest common factor of 988 and 78.
26
Calculate the highest common factor of 40 and 370.
10
Calculate the greatest common divisor of 224 and 1088.
32
What is the greatest common divisor of 27 and 69?
3
Calculate the highest common factor of 198 and 110.
22
Calculate the greatest common factor of 58 and 725.
29
Calculate the greatest common factor of 6 and 8.
2
Calculate the highest common factor of 264 and 12.
12
What is the highest common factor of 3108 and 1184?
148
Calculate the highest common divisor of 9550 and 150.
50
What is the greatest common divisor of 3531 and 99?
33
Calculate the highest common factor of 122 and 854.
122
What is the highest common divisor of 41 and 21443?
41
Calculate the highest common factor of 33 and 16137.
33
Calculate the highest common divisor of 837 and 372.
93
Calculate the greatest common factor of 5994 and 162.
162
What is the highest common divisor of 289 and 68?
17
Calculate the greatest common factor of 84 and 132.
12
Calculate the greatest common divisor of 546 and 42.
42
What is the greatest common divisor of 72 and 207?
9
Calculate the greatest common factor of 270 and 10.
10
Calculate the highest common divisor of 45 and 63.
9
What is the highest common divisor of 165 and 60?
15
Calculate the greatest common factor of 78 and 299.
13
What is the greatest common factor of 525 and 735?
105
What is the highest common factor of 384 and 112?
16
What is the highest common divisor of 5 and 45?
5
What is the greatest common factor of 220 and 80?
20
Calculate the highest common divisor of 469 and 3417.
67
Calculate the highest common divisor of 19 and 28291.
19
What is the greatest common divisor of 384 and 144?
48
Calculate the highest common divisor of 67 and 11189.
67
Calculate the greatest common divisor of 39 and 1820.
13
What is the greatest common divisor of 245 and 5?
5
What is the highest common factor of 76 and 52174?
38
Calculate the highest common divisor of 2088 and 96.
24
Calculate the greatest common factor of 8 and 497.
1
Calculate the greatest common divisor of 3904 and 64.
64
What is the highest common divisor of 1122 and 4080?
102
Calculate the highest common divisor of 10 and 355.
5
Calculate the greatest common divisor of 348 and 60.
12
Calculate the greatest common factor of 103 and 1133.
103
Calculate the greatest common factor of 2295 and 85.
85
Calculate the highest common factor of 316 and 53720.
316
What is the greatest common factor of 63 and 24192?
63
What is the highest common divisor of 465 and 2511?
93
Calculate the greatest common factor of 87 and 493.
29
What is the highest common factor of 140 and 2065?
35
Calculate the highest common divisor of 5069 and 959.
137
What is the greatest common factor of 11 and 8657?
11
What is the greatest common divisor of 460 and 276?
92
What is the highest common factor of 992 and 448?
32
Calculate the highest common factor of 497 and 71.
71
What is the highest common factor of 25479 and 1788?
447
What is the highest common divisor of 2090 and 30?
10
Calculate the highest common divisor of 602 and 14.
14
What is the highest common divisor of 224 and 7?
7
What is the greatest common divisor of 1071 and 14?
7
What is the greatest common divisor of 83 and 10624?
83
Calculate the greatest common divisor of 15 and 465.
15
What is the highest common divisor of 58 and 1537?
29
Calculate the highest common factor of 23 and 3.
1
Calculate the highest common factor of 522 and 18.
18
Calculate the greatest common factor of 43485 and 195.
195
Calculate the